0
In base 7, what is -35001605 - 100?
-35002005
In base 8, what is 1630706 - 460?
1630226
In base 10, what is 973 + 17477?
18450
In base 14, what is -9c5d + 21a?
-9a43
In base 8, what is 2251054 + 2?
2251056
In base 11, what is -6a89024 - 1?
-6a89025
In base 10, what is 244053150 - 5?
244053145
In base 12, what is -16430358 - -4?
-16430354
In base 4, what is 1230103331122 + -10?
1230103331112
In base 11, what is -183 - -799528?
799355
In base 6, what is -313555 + -205155?
-523154
In base 9, what is -1601273562 - -5?
-1601273556
In base 11, what is 25a33 + -122?
25911
In base 7, what is 1323136 - 4343?
1315463
In base 9, what is -406 - 68188?
-68605
In base 2, what is 100110000001010100 - 11111?
100110000000110101
In base 13, what is 2 + -5826c0?
-5826bb
In base 5, what is -301003431 + 3210?
-301000221
In base 4, what is -1101022330 + -101021?
-1101130011
In base 2, what is -110100001011111 - 1001011?
-110100010101010
In base 7, what is 53143411 - 15?
53143363
In base 16, what is d956ee4 - -2?
d956ee6
In base 3, what is -1210001210100 - 211?
-1210001211011
In base 4, what is 32 + 1100120?
1100212
In base 14, what is -3022 - -1ba?
-2c46
In base 9, what is 14442281 - -4?
14442285
In base 13, what is 23877 - -50?
238c7
In base 2, what is 1110100 + 10000001100000100101?
10000001100010011001
In base 6, what is -1123 - -40255?
35132
In base 11, what is -441584 + 37?
-441548
In base 7, what is 164435253 + -2?
164435251
In base 12, what is 105b + -1125?
-86
In base 10, what is 0 - -4459629?
4459629
In base 5, what is -1104144 + 411134?
-143010
In base 6, what is -5 + 2032405355?
2032405350
In base 6, what is -34 - -14320421?
14320343
In base 15, what is 261c451 - 0?
261c451
In base 15, what is 160 - 27754?
-275e4
In base 12, what is 3 - -a67580?
a67583
In base 11, what is -470 - -84aa94?
84a624
In base 13, what is 63c - 24b620?
-24acb1
In base 14, what is -3312902 - 5?
-3312907
In base 14, what is 2a4 + 3a63a?
3a900
In base 10, what is -29895 + 524?
-29371
In base 16, what is -245a3 - e36?
-253d9
In base 13, what is 15a + 22ab?
2438
In base 11, what is -54aa4983 - 2?
-54aa4985
In base 9, what is -24 - 636881?
-637015
In base 9, what is -5 - 120147422?
-120147427
In base 14, what is 14 - cd878?
-cd864
In base 8, what is -5673653 + 0?
-5673653
In base 11, what is 288868 - -47?
288904
In base 2, what is -1010000000001011 - -101011011?
-1001111010110000
In base 14, what is -d - a80a?
-a819
In base 11, what is 696 - 14241?
-13656
In base 16, what is 2 + 3c1f9?
3c1fb
In base 13, what is -7676 - -259?
-741a
In base 3, what is 222 + -120212202110002?
-120212202102010
In base 9, what is -1074 + -35188?
-36273
In base 13, what is 2a8 - 2275?
-1c9a
In base 2, what is -101 - -1001111101111010101100?
1001111101111010100111
In base 11, what is -1508 - -15910?
14403
In base 15, what is 5e275 + 117?
5e38c
In base 10, what is -4046410 - 464?
-4046874
In base 4, what is -22203230103332 - 3?
-22203230110001
In base 5, what is -31 + -21221204043?
-21221204124
In base 9, what is -17443248 - 20?
-17443268
In base 9, what is 331 + -105250?
-104818
In base 16, what is 636444 + -14?
636430
In base 4, what is -3212 + 111022000231?
111021331013
In base 14, what is -2ac + 55dc?
5330
In base 2, what is -1011001000100111110 + -11?
-1011001000101000001
In base 4, what is 1113 - 311010112?
-311002333
In base 2, what is 10011100 + -101001001001110001?
-101001000111010101
In base 10, what is -13 + 13247892?
13247879
In base 2, what is -1111010 - 10000110011101000?
-10000110101100010
In base 3, what is 1010011 - 21202222011?
-21201212000
In base 7, what is -1 + 546430064?
546430063
In base 2, what is 11001001010000 - 101001111?
11000100000001
In base 12, what is -8 + 2146a08?
2146a00
In base 8, what is 1245 + -501416?
-500151
In base 14, what is -2d + -44546?
-44575
In base 11, what is 2646762 + 1?
2646763
In base 15, what is -2e40 - 6e2?
-3632
In base 6, what is -2405213115 + -1?
-2405213120
In base 8, what is 67660 + 1475?
71355
In base 4, what is -100222011011 + 11?
-100222011000
In base 11, what is -22a43 + 245?
-227a9
In base 10, what is 49196 - -2339?
51535
In base 5, what is -1332104 - 222443?
-2110102
In base 11, what is -56 - 1703a4?
-17044a
In base 6, what is -15253145 - -102?
-15253043
In base 3, what is 102010101 + 201001222?
1010012100
In base 12, what is -14 + -349b6a69?
-349b6a81
In base 8, what is 1177 + 652611?
654010
In base 13, what is 485cba - -89?
486076
In base 14, what is -3 + 210761?
21075c
In base 12, what is 197b - -20804?
22583
In base 14, what is 119b2 - 15b?
11855
In base 14, what is -155a3 - -596?
-1500b
In base 7, what is -1354161 + 4130?
-1350031
In base 2, what is -1100010101010000000110 - -10?
-1100010101010000000100
In base 5, what is 2242212 + -420400?
1321312
In base 2, what is -10001111101000110011101 - -100?
-10001111101000110011001
In base 10, what is 2595139 + -3?
2595136
In base 4, what is -10 - -2002233332?
2002233322
In base 9, what is 76817 - 10321?
66486
In base 8, what is -504132754 + 5?
-504132747
In base 16, what is -151 - 1866?
-19b7
In base 8, what is -10 + -16544224?
-16544234
In base 3, what is -1012202 + -220022202?
-221112111
In base 10, what is -162 - -717873?
717711
In base 11, what is -96 + 1739838?
1739752
In base 5, what is 212143112111 + -10?
212143112101
In base 9, what is -3611 + 6507?
2786
In base 7, what is 2 - -20504603?
20504605
In base 16, what is -c1 - -3f16?
3e55
In base 13, what is 5606b + -1ca?
55b71
In base 6, what is 5341330 + 210?
5341540
In base 13, what is -54b9 + -16b?
-5657
In base 6, what is 20320 + -120351?
-100031
In base 15, what is 433 - 6d974?
-6d541
In base 11, what is -147 - -7033?
6997
In base 14, what is -b1b + 7d5?
-326
In base 8, what is 510551 + -615?
507734
In base 8, what is -14071 + -1236?
-15327
In base 7, what is 35435 + -2352?
33053
In base 9, what is -1208607 + 101?
-1208506
In base 15, what is -48d5 - 8978?
-d35d
In base 6, what is -24 - 12441025?
-12441053
In base 14, what is 1188097d + 7?
11880986
In base 16, what is 280fd + c0b?
28d08
In base 14, what is -a76 + 411?
-665
In base 9, what is -1 + -86858330?
-86858331
In base 11, what is -61233a8 + -2?
-61233aa
In base 11, what is -33898 - 1a9?
-33a96
In base 2, what is 10101000011011001 + 110101100?
10101001010000101
In base 14, what is 1035455 - 1?
1035454
In base 9, what is -430810736 - -3?
-430810733
In base 11, what is 3 + -1656027?
-1656024
In base 4, what is 22010 + 2213231?
2301301
In base 15, what is 76 + -58b6a?
-58ae4
In base 15, what is -1302a1 - -3b3?
-12eddd
In base 9, what is 2 + -52603560?
-52603557
In base 9, what is -5537 - -43514?
36866
In base 16, what is -4 + -1f66fe3?
-1f66fe7
In base 6, what is -332154 + -121?
-332315
In base 7, what is 33343312 + 26?
33343341
In base 16, what is 658e45 - 5?
658e40
In base 4, what is 203001220302122 + -10?
203001220302112
In base 13, what is 4 + -14765116?
-14765112
In base 10, what is 118 - 1692235?
-1692117
In base 4, what is -1 + 10123101121023?
10123101121022
In base 3, what is -2200101200000 + 0?
-2200101200000
In base 12, what is 2364a - 88?
23582
In base 14, what is 16c - -57435?
575a3
In base 3, what is 11 - 2000221222202?
-2000221222121
In base 4, what is 10023333330030 - 10?
10023333330020
In base 9, what is -848 - -12217?
11258
In base 9, what is -1 - 138140137?
-138140138
In base 11, what is -39 - 51297?
-51325
In base 6, what is -5140110 + 23?
-5140043
In base 15, what is -68 + -4cbb6?
-4cc2e
In base 16, what is 72a + -652?
d8
In base 3, what is 221 - 1110111210111110?
-1110111210110112
In base 8, what is 733 + -321176?
-320243
In base 10, what is -596183191 + -1?
-596183192
In base 2, what is -1000010111010100000 - -111010011?
-1000010110011001101
In base 14, what is -5478a0 - 1d8?
-547a98
In base 7, what is -4041 - 14340?
-21411
In base 9, what is -25553 - -17758?
-6684
In base 4, what is 110220012203 + 10?
110220012213
In base 8, what is 137060512 + -2?
137060510
In base 10, what is -131 - -37572?
37441
In base 6, what is -4341152 + 4321?
-4332431
In base 16, what is -336 + -207?
-53d
In base 15, what is -3 - -1900be71?
1900be6d
In base 2, what is -11111110000000101 - 11000100?
-11111110011001001
In base 14, what is -1a0dd06 - 3?
-1a0dd09
In base 10, what is 800